 2*q + 26. Let x = 114 + q. What is the units digit of x?
4
Let x(k) = 77*k**2 - 7*k - 55. Let t be x(-5). Suppose t = -23*w + 26*w. What is the tens digit of w?
3
Let w(c) = 526*c**3 - 17*c**2 + 48*c + 4. What is the thousands digit of w(3)?
4
Let a(x) = -x + 18. Suppose 0*t + 51 = 3*t - 4*u, 2*t - 20 = -2*u. Let i be a(t). Suppose -i*q = -4*n - 21 - 66, -6 = -3*n. What is the tens digit of q?
1
Suppose 4*m = 4*m - 3*m. Let l = 102 - 16. Suppose m = c + c - l. What is the tens digit of c?
4
Let s(o) = -10*o + 1523. What is the hundreds digit of s(0)?
5
Suppose 0 = -138*q - 118249 + 808525. What is the units digit of q?
2
Suppose 4*k = -4*l + 9132, -5*l + 2*k = 4*k - 11424. Let f = l + -1348. What is the hundreds digit of f?
9
Let w = -2915 + 19046. What is the tens digit of (-2)/(-11) - w/(-33)?
8
Suppose 0 = 2*u + 14, -5*i + 18*u = 19*u - 207198. What is the units digit of i?
1
Let t be (2 + -2)/(-2) - -558. Let u(x) = -x**2 + 24*x + 54. Let h be u(8). Suppose -t - h = -5*o. What is the tens digit of o?
4
What is the tens digit of (-2)/12 - (23 + (-1221846)/36)?
1
Let f = -1936 - -6488. What is the hundreds digit of f?
5
Let k(c) = c**3 - 6*c**2 + 7*c - 7. Let h be k(3). What is the tens digit of 9 + h/((-65)/7520)?
1
Let x(o) = 3*o - 43. Let g be x(14). Let k be 3 - (8 + -6)*1/g. Suppose k*d + 526 = 4*u, 3*d = -4*u - d + 508. What is the units digit of u?
9
Suppose 128 = -2*y + l, 8*y + 2*l = 5*y - 178. Let f = 128 - y. What is the hundreds digit of f?
1
Let l = -2911 - -8951. What is the tens digit of (l/60)/((-3)/(-27))?
0
What is the ten thousands digit of (876/16)/((-2)/(-1392))?
3
Suppose 7118 = 420*x - 418*x - a, x = 3*a + 3569. What is the thousands digit of x?
3
Suppose -31 = -a + 2*a. Let q = 30 + a. What is the tens digit of 99 + 3/1*(q + 0)?
9
Let s be 3 + (-32)/(-20) + (-2)/(-5). Suppose m + 0*m + 62 = 5*u, 0 = -s*u + 2*m + 64. Suppose 20*d - u = 17*d. What is the units digit of d?
4
Let n = 133 + -129. Suppose -10*k + n*f = -9*k - 169, k + 4*f - 153 = 0. What is the hundreds digit of k?
1
Let t(q) = 43*q - 22. Let g be t(-7). Let h = g + 465. Suppose 14*f - 13*f = h. What is the units digit of f?
2
Let b = -4249 - -6040. What is the thousands digit of b?
1
Let r be 74558/14 - 48/84. Suppose 0 = -3*w + 5*x + 3289, 2081 - r = -3*w - 4*x. What is the hundreds digit of w?
0
Let g be 0 + -1 + 104*6. Let d = -192 + g. What is the hundreds digit of d?
4
Suppose 23*t + 38326 = 4*j + 21*t, -5*t + 47885 = 5*j. What is the thousands digit of j?
9
Suppose 12*s - 13*s + 2 = 0. Suppose 4*v = 5 + 3, 4*g = -s*v + 204. Let j = g - -29. What is the units digit of j?
9
What is the units digit of ((-114)/(-380))/((-3)/(-2055))*82?
1
Let c(j) be the third derivative of 1/30*j**5 - 1 - 1/24*j**4 + j**2 + 9/2*j**3 + 0*j. What is the hundreds digit of c(-11)?
2
Let q(i) = -1075*i + 3256. What is the thousands digit of q(-11)?
5
Let r(l) be the first derivative of l**4/3 + 11*l**3/6 + 9*l**2/2 - 15. Let y(d) be the second derivative of r(d). What is the tens digit of y(3)?
3
Let i = -7 - -3. Suppose -53*q + 58*q + 250 = 0. What is the units digit of i/(-10) + (-280)/q?
6
Let p = -125 - -129. Suppose p*m = -43 - 709. Let b = m - -278. What is the tens digit of b?
9
Suppose -15*x = -10*x. Suppose x = -2*m + 9*m - 196. What is the tens digit of m?
2
Let q(b) = 7698*b**2 + 600*b - 1199. What is the tens digit of q(2)?
9
Suppose -7745 = -3*h + 4*k, 5 + 0 = -k. What is the tens digit of h?
7
Let k = -1067 + 1228. What is the hundreds digit of k?
1
Let g(o) = -112*o + 5. Let y(f) = f**3 + 4*f**2 - f - 2. Let c be y(-2). Let l be g(c). What is the tens digit of (-6)/15 - (2 - l/(-15))?
5
Let v(i) = -i**3 + 465. Let g be v(0). Let m = g - 246. What is the units digit of m?
9
Let i be 618/11 - (-4)/(-22). What is the tens digit of 21/i + 1605/8?
0
Let n(s) = -5750*s - 907. What is the units digit of n(-6)?
3
Let v be ((-114)/(-8))/(((-28)/4)/(-28)). Let a = 93 + v. What is the units digit of a?
0
Suppose 5*w - 135 = -3*a, -5*w - 5*a + 145 = -0*w. Let x(q) = 16 - 4*q - 14 - w - 7. What is the units digit of x(-8)?
3
Let z(n) = 390*n**2 - 91*n - 698. What is the units digit of z(-7)?
9
Suppose 5*i + 2*n = 4 + 26, -29 = -i - 5*n. Suppose 4*j - 5504 = -4*s, 10*s - i*j = 6*s + 5520. What is the tens digit of s?
7
Suppose r = 5*k, -r - 2*k + 7 + 0 = 0. Suppose -5*c - 4 + 10 = 3*s, 0 = 4*s - 3*c - 8. Suppose r*n = s*n + 120. What is the units digit of n?
0
Suppose 0 = -101*l - 126059 + 2058593. What is the hundreds digit of l?
1
Let l(d) = d**3 + 9*d**2 + 2*d + 23. Let h be l(-9). Suppose -h*f - 4*o + 68 = 0, f - 2*o = 2*f - 16. What is the units digit of f?
2
Let w be 2/(10/6 + -1). Suppose 3*p - 20 = 5*v + w, 0 = 5*v - 10. Suppose 1330 = p*a - a. What is the units digit of a?
3
Let q be (-4)/(-6) - (-88)/12. Let n(a) = 3*a - 7. Let k be n(q). Suppose 88 - k = d. What is the tens digit of d?
7
Let l(w) = -3*w**3 - 2*w**2 + 13*w + 11. Let f be l(-6). Suppose f + 319 = 4*y. What is the hundreds digit of y?
2
Suppose 2*g - 47300 = -4*h, -3*h - 23680 = 2*g - 3*g. What is the tens digit of g?
6
Suppose 0 = x + 26 - 179. Suppose -3*z - 45 = x. Let k = 125 + z. What is the units digit of k?
9
Suppose -a + 17651 = -3*x, 13*a = 8*a - 2*x + 88187. What is the hundreds digit of a?
6
Let z = -639 - -3604. Suppose 4*o - w + z = 0, 3*o + w + 2200 = -3*w. What is the units digit of (19/(570/(-36)))/(6/o)?
8
Suppose 3 = l, y = 3*y - 3*l + 19. What is the units digit of (1 - y) + (89 - -12)?
7
Let m(l) = l**3 + 20*l**2 + 25*l + 42. Let u(w) = 6*w + 23. Let z be u(-7). Let p be m(z). What is the units digit of (p/14)/((108/(-56))/9)?
4
Let s(a) = a + 5. Let f be s(-6). Let g be (2/(-2) + 2)/(f/101). Let w = 189 + g. What is the units digit of w?
8
Let a(p) = -p**2 - 17*p - 11. Let y be a(-16). Suppose -2*u - y*u + 182 = 0. Suppose -u*r + 47 = -25*r. What is the tens digit of r?
4
Let a = -214 + 215. Let u(r) = 1129*r**3 - r**2 + 8*r - 7. What is the thousands digit of u(a)?
1
Let x(f) = 3*f**2 + 11*f - 10. Suppose -3*d = 4*c - 6, 0 + 2 = d - 2*c. Let o be (d - 0)/(3*5/(-60)). What is the units digit of x(o)?
4
Suppose -31*a - 762 = -33*a. Suppose w - 71 = 2*i, -4*w - 3*i + a - 42 = 0. What is the units digit of w?
1
Suppose -5083*v + 5073*v + 78470 = 0. What is the hundreds digit of v?
8
Let m be ((-2)/(-4))/(4/(-24)*1). Let o be m/(-9)*264/8. Suppose -o*v + 2174 = 436. What is the units digit of v?
8
Let y = -5755 + 5759. Let a(w) = -w + 2. Let q be a(-4). Suppose -y*p + 9*p = k - q, -1 = p. What is the units digit of k?
1
Let d = 240 - 235. Suppose -3*x = -d*g + 1731, -2*g = -0*g + x - 688. What is the tens digit of g?
4
Let h be (-3 - 6/(-3)) + 1 + 2. Suppose p + h*p + 5*x = -11, -5*p + 31 = -4*x. Suppose -118 = -p*r - 4*j + 88, -2*r + 136 = 2*j. What is the tens digit of r?
6
Suppose -v - 2*l = -3155, 27*l - 23*l = -3*v + 9457. What is the hundreds digit of v?
1
Suppose 15 = 5*u, 2*q - 4*u = 592 + 4534. What is the tens digit of q?
6
Let x be ((-33)/(-66))/((-1)/462). Let k = x + 432. What is the tens digit of k?
0
What is the hundreds digit of 14 + (-300)/15 - -655?
6
Let j(l) = l**3 - 9*l**2 + 13. Let i be j(9). Let s = i - 16. What is the tens digit of -219*2*s/18?
7
Suppose -4*l - 4*l = -19936. Let b = l - 1485. Suppose 0 = -5*n + 2*m - 171 + 1194, -5*n = 2*m - b. What is the units digit of n?
3
Suppose 7*t + 48 = 11*t. Suppose -5*c + t*c = 2877. What is the hundreds digit of c?
4
Suppose -135*i - 3060 = -138*i. Suppose 3*h + 24 = 9*h. Suppose i = h*c + 2*c. What is the units digit of c?
0
Let s be 3/2*(1 + -5). What is the hundreds digit of (-1841)/(-4) + 1 - s/(-24)?
4
Suppose -7*g + g = -492. Let q = 409 + g. What is the units digit of q?
1
Let x = 11143 + -5730. What is the hundreds digit of x?
4
Suppose 2*x + 31 = -41. Let v = x + 50. What is the units digit of ((-357)/v)/(1/(-2))?
1
Let n(y) = 36*y**2 + 16 - 4 + 3*y - 5 + 3. What is the hundreds digit of n(-5)?
8
Let w(u) = -139*u + 0*u**2 + 3*u**2 + 49*u + 2*u**2 - 97 + 62*u. What is the units digit of w(22)?
7
Let f = 67477 + -38864. What is the thousands digit of f?
8
Let x = 823 + -95. Let t = 1219 - x. What is the tens digit of t?
9
Suppose -437040 = 58*s - 78*s. What is the tens digit of s?
5
Let t be 0/(4 - (1